 by 2*((-261)/x)/(-3).
28
Let a be 2/(-7) - (-226)/7. Suppose -3*m = -2*l - 1, -l + 2*l - a = -5*m. Suppose -2*t - 315 = -l*t. Calculate the remainder when t is divided by 16.
15
Suppose 23*l + 4322 - 17430 = 4763. What is the remainder when l is divided by 31?
2
Let f(a) = 14*a**2 - 4*a + 5. Let i be f(2). Let h = i + -43. Suppose 5*t + 5*g - 200 = 0, -60 = -t + 7*g - 3*g. Calculate the remainder when t is divided by h.
4
Suppose -2*t = -4*l + 5918, 0 = -31*l + 35*l - 5*t - 5933. What is the remainder when l is divided by 26?
21
Let q = 137 - 134. Suppose 0 = -4*o, q*w - o - o = 150. Calculate the remainder when w is divided by 15.
5
Let i(z) = -2*z**2 + 2. Let q(u) = 7*u - 6. Let a(m) = -2*i(m) - 2*q(m). What is the remainder when a(6) is divided by 14?
12
Suppose -21*v - 10*v + 12432 + 5207 = 0. Calculate the remainder when v is divided by 59.
38
Let j = -2235 + 2279. What is the remainder when 276 is divided by j?
12
Suppose 7*r - 2*r + p = 2889, 0 = -4*r - 4*p + 2292. What is the remainder when r is divided by 122?
91
Let r be ((-930)/(-50))/((-6)/(-20)). Suppose -2*a - 165 = 3*q + 9, -a = 4*q + 232. Let m = q + r. Calculate the remainder when 38 is divided by m.
2
Suppose 11 = 2*j - 4*s - 29, -2*j - 4*s + 64 = 0. Let g = -943 - -1066. Calculate the remainder when g is divided by j.
19
Let o be 3/((-6)/(-4)) + 1. Suppose -15 - 69 = -o*r. Suppose 0 = 5*k + d - 47, 0 = -4*k + 17*d - 22*d + 46. Calculate the remainder when r is divided by k.
1
Let w = -968 + 999. What is the remainder when 866 is divided by w?
29
Suppose 627 = -7*k + 10*k + 2*f, 5*f = 0. Suppose 9 - k = -10*x. What is the remainder when x is divided by 17?
3
Suppose 54*i - 35*i - 380 = 0. Let d(n) = 13*n - 7. Suppose 12 = h + 3*r, -2*h - 5*r + 7 + 15 = 0. Calculate the remainder when d(h) is divided by i.
11
Suppose 3*a + a = 24. Suppose -4*v - 14*n + 16*n + 12 = 0, 0 = 2*n - 4. Calculate the remainder when (-31)/v*(-2 - a - 0) is divided by 16.
14
Suppose 0*o + 5*o = -15. Calculate the remainder when (-1*(4 + o) - 0)*-335 is divided by 42.
41
Let o be -2 - 42*(-2)/(3 + -1). Let g(p) = 2*p**3 - 5*p**2 + 3*p + 1. Calculate the remainder when 3100/o*(-18)/(-15) is divided by g(3).
17
Suppose y = 97 - 99, -3*w - 5*y = -1373. What is the remainder when w is divided by 456?
5
Suppose 3574 + 3736 + 4426 = 24*h. Calculate the remainder when h is divided by 131.
96
Suppose 0 = -60*x - 953 + 1133. Calculate the remainder when 340 is divided by x.
1
Let n = -176 + 174. What is the remainder when 31 is divided by 5/n*(-18)/15?
1
Suppose -5605 = -92*y + 87*y - z, 2*y - 2*z = 2254. Calculate the remainder when y is divided by 111.
12
Let y(s) = -2*s - 18. Suppose x = -x + 106. Suppose 7 = -4*z - x. Calculate the remainder when y(z) is divided by 5.
2
Let g(v) = 3*v**2 + 3*v**2 + 38 - 7*v**2 + 17*v. Calculate the remainder when 159 is divided by g(18).
19
Let z(v) = -119*v**3 - v**2 + 1. Let y be z(1). Let x = -79 - y. Suppose 45*t - 50 = x*t. Calculate the remainder when 36 is divided by t.
6
Suppose -5*i = -s + 250, -9*s - 3*i + 678 = -6*s. Calculate the remainder when s is divided by 35.
20
Let q be 1953/(-23) - (-50)/(-575). Let o = q + 155. What is the remainder when o is divided by 54?
16
Suppose 0 = -7*n + 4*n + 21. Suppose -n*i = -2*i - 370. Suppose 5*t + 5*c + i - 189 = 0, 2*t - 4*c - 52 = 0. What is the remainder when 67 is divided by t?
19
Let z be 1 - (2 + (2 + 2 - -17)). Let v(u) = -26*u + 130. What is the remainder when v(z) is divided by 47?
44
Let a(n) = -75 + 12*n - 28*n + 0*n + 7*n. What is the remainder when 23 is divided by a(-9)?
5
What is the remainder when 518 + -5 - (-4 - (-1 + -1)) is divided by 7?
4
Let m(d) = 4*d + 12*d**3 + 0*d**2 - 6*d + d**2 + d. Let g be -7*(-3 + (-19)/(-7)). Calculate the remainder when m(g) is divided by 25.
23
Let d = 68 - 39. Suppose -5*f + 1121 = -4*a + 217, 4*a = 3*f - 536. Calculate the remainder when d is divided by ((-2)/4)/(f/192 - 1).
5
Suppose -15 = -3*x + 4*i, -3*i + 12 = i. What is the remainder when (1554/30)/(47/235) is divided by x?
7
Let t(l) = 2*l + 11. Let r be t(-3). Suppose -3*d = 5*w - 12, -7*d - r*w = -2*d - 20. What is the remainder when 33 is divided by d?
1
Suppose -11463 = -5*l - x - 10646, -4*l + 5*x + 613 = 0. Suppose -j = -0*j - 5*h - 53, 0 = -j - 2*h + 39. What is the remainder when l is divided by j?
33
Let g(k) = k**3 + 7*k**2 + 7*k + 20. Let d be g(-6). What is the remainder when 1958/d + (-264)/(-231) is divided by 48?
45
Suppose -23*u = -12*u - 4312. Let m = u + -368. What is the remainder when 80 is divided by m?
8
Suppose -5*z - 61 + 106 = 0. Calculate the remainder when 2609 is divided by z.
8
Suppose k + 11 = m, 19 = 4*k - 5*m + 59. What is the remainder when 53 is divided by (9/12)/(k/16)*-5?
1
Suppose -10*k + 112 = 4*k. Calculate the remainder when 193 is divided by (60/k + -4)/((-6)/(-84)).
46
Suppose -7*t + 13 + 8 = 0. Suppose 2*x = t*h - 5*h - 36, -22 = h + 5*x. Let l(p) = p**3 + 17*p**2 - 2*p + 4. What is the remainder when 74 is divided by l(h)?
36
Let q be -69*(20/6)/(-5). Suppose -q = -3*n + 2*z, z = -2*n + 1 + 32. Suppose -2*y = -18 - n. Calculate the remainder when 33 is divided by y.
16
Let w(t) = -41*t**3 + t**2 + t + 1. Suppose -5 = 5*k - 0*k. Let s be w(k). Let h = -31 + s. Calculate the remainder when 18 is divided by h.
7
Let y(g) = 9*g + 34. Let n be y(-3). What is the remainder when (n - 3) + 111 - 4 is divided by 39?
33
Let k(v) = -v**3 + 16*v**2 + 38*v - 22. Calculate the remainder when 116 is divided by k(18).
4
Let k = -173 - -171. Calculate the remainder when (-178)/k + (-16)/(-5 - -1) is divided by 48.
45
Let g be -53 + (-15)/5 + 11. Let k = -54 - -21. Let m = k - g. What is the remainder when 46 is divided by m?
10
Suppose -18*b + 111 = -266 - 37. What is the remainder when 137 is divided by b?
22
Calculate the remainder when 115 is divided by 34 - (252/(-7))/3.
23
Suppose y - 17 = 4*f, -4*y + 13 = -2*f - 13. Suppose 0*l - 5*l = -4*x + 63, -y*x - 5*l + 90 = 0. What is the remainder when 59 is divided by x?
8
Let j(d) = -6*d**2 + 11*d + 12. Let p be j(-3). Let h = p - -145. Calculate the remainder when h is divided by 37.
33
Let m(c) = 4*c + 8*c - c + 8*c + 222 - 23*c. What is the remainder when m(28) is divided by 8?
6
Let o = 287 + -140. Suppose d = 2*r + 8, 2*r - 5*d = -2*d - 16. Let l = 39 + r. What is the remainder when o is divided by l?
36
Suppose 0 = 3*k - 5*l - 1086, 67*k + 4*l + 1080 = 70*k. What is the remainder when k is divided by 90?
82
Let h = -6527 + 7770. What is the remainder when h is divided by 89?
86
Suppose 11*g + 6*q = 6*g + 890, 349 = 2*g + q. Let h(k) = 65*k**2 - 1. Let x be h(1). Suppose 4*d - g = -x. What is the remainder when 80 is divided by d?
26
Let b(i) = 15*i**3 - i**2 + 2*i - 1. Let d = -29 - -35. Let n be (1 - (-10)/(-6))*d/(-4). Calculate the remainder when 35 is divided by b(n).
5
Suppose x + d - 11 = -8, 24 = 5*x - 4*d. What is the remainder when 135 is divided by (-154)/(33/(-3)) - (x - -1)?
0
Let s be 244/3 - 3/9. Let a(b) = 67*b + 243. Let m be a(-4). Let w = s + m. What is the remainder when w is divided by 20?
16
Let k(v) = 6*v**2 + 12*v + 68. What is the remainder when k(-5) is divided by 49?
11
What is the remainder when 1987 is divided by (-237)/(-81)*3 - (-130)/585?
7
Let u = 2282 + -1996. Calculate the remainder when 1443 is divided by u.
13
Let i(j) = -j**2 + 2*j + 189. Suppose -1 - 3 = 2*s + 2*d, 5*s - 20 = d. Let u = s - -58. What is the remainder when u is divided by i(14)?
19
Calculate the remainder when 1865 is divided by 1 + 9 + (18 - 15).
6
Let n = 3017 + -3001. Let z(q) = 4*q**2 - 4*q + 12. Let d(m) = -5*m**2 + 4*m - 12. Let x(h) = 3*d(h) + 4*z(h). What is the remainder when x(-5) is divided by n?
9
Suppose -d = 3*u - 5, 0*d + 5*d = u - 7. Suppose -3*m = u*k - 4*k - 304, -2*m + 3*k = -206. Calculate the remainder when m is divided by 13.
9
Suppose 5*b = -2*y + 14, y = 4*b + 1 - 7. Let p = 87 + -41. Calculate the remainder when p is divided by -2*y/(-4)*7.
4
Suppose 24 = -4*d + 80. Let l be ((-6)/(-21))/(2/d). Suppose -l*t - 3*t = -200. Calculate the remainder when t is divided by 11.
7
Let v = 36631 - 25960. What is the remainder when v is divided by 116?
115
Let h = 10157 + -10123. Let d = 55 - -79. Calculate the r